ber?
False
Is 61562653 a prime number?
True
Is 3420466409 prime?
False
Is 720591779 a prime number?
True
Is 263624939 prime?
True
Is 14561864071 a prime number?
True
Is 1029345539 a prime number?
False
Is 5080535767 composite?
False
Is 37252791781 composite?
True
Is 20283007439 prime?
False
Is 3468334627 a prime number?
True
Is 16167950861 a composite number?
True
Is 6990442799 composite?
False
Is 21501386779 prime?
False
Is 5548757723 a prime number?
True
Is 1281638129 composite?
False
Is 31854137357 a composite number?
True
Is 106203247 a composite number?
True
Is 4574000351 a composite number?
False
Is 149362908491 prime?
False
Is 3863191523 a composite number?
False
Is 6860786921 composite?
True
Is 1681732669 prime?
True
Is 17926991 a prime number?
False
Is 295583291 a composite number?
True
Is 25451122457 a composite number?
False
Is 2793702799 composite?
False
Is 26235104983 a composite number?
False
Is 18543053653 a composite number?
False
Is 1299394207 a composite number?
False
Is 641034491 a composite number?
True
Is 9653568577 composite?
True
Is 2602984717 composite?
False
Is 2498066843 a prime number?
False
Is 38175949639 a prime number?
True
Is 6278411767 a composite number?
True
Is 288006913 a prime number?
True
Is 9804894317 composite?
False
Is 10848600827 a composite number?
True
Is 6973003 a prime number?
True
Is 1179438241 a composite number?
False
Is 1252298689 prime?
True
Is 1116624427 a composite number?
False
Is 5132725403 a prime number?
False
Is 4846361 a composite number?
True
Is 38004165449 a composite number?
False
Is 30529900201 prime?
False
Is 35895177253 prime?
False
Is 124078272901 a composite number?
True
Is 17130637 composite?
True
Is 175342803 a prime number?
False
Is 4382200369 composite?
False
Is 57452167 a prime number?
True
Is 361974581 prime?
True
Is 1571495549 a composite number?
True
Is 230214979 prime?
True
Is 210529 composite?
True
Is 303878147 composite?
False
Is 28399122355 a prime number?
False
Is 25806147121 composite?
False
Is 36445763 prime?
True
Is 105744371003 a composite number?
True
Is 4004568259 composite?
False
Is 3617407117 a composite number?
True
Is 2236313227 a prime number?
True
Is 4035625721 a composite number?
False
Is 115862737 prime?
False
Is 22971620239 composite?
True
Is 1318501189 a prime number?
True
Is 92679941 composite?
False
Is 4060591243 prime?
True
Is 19171967959 a composite number?
False
Is 1545307321 prime?
False
Is 5363812591 a composite number?
False
Is 2665841369 a composite number?
True
Is 321757747 composite?
False
Is 17340951 a prime number?
False
Is 17436684827 composite?
True
Is 14705892301 composite?
False
Is 3655214951 a composite number?
False
Is 321402086 prime?
False
Is 3967531253 a prime number?
False
Is 2302861279 prime?
True
Is 6664586267 a composite number?
True
Is 1349495993 prime?
False
Is 281497511 composite?
True
Is 1253015479 composite?
False
Is 52186613 composite?
True
Is 14781248459 prime?
True
Is 125365979 prime?
True
Is 2422815767 a composite number?
True
Is 13668689309 composite?
True
Is 1500734113 composite?
False
Is 17220063319 composite?
False
Is 14652927143 composite?
True
Is 1227264413 a prime number?
True
Is 70281187 prime?
True
Is 33524173 a composite number?
False
Is 1527343579 prime?
True
Is 8816886601 a composite number?
False
Is 25348041065 a prime number?
False
Is 71248933477 prime?
False
Is 1391961491 prime?
True
Is 14486479849 composite?
False
Is 29046454327 a prime number?
False
Is 354421547 composite?
True
Is 4938343849 a composite number?
True
Is 1425597919 composite?
False
Is 7430197139 prime?
False
Is 1611189731 composite?
False
Is 8281303549 a prime number?
True
Is 153115461041 a composite number?
False
Is 1314144131 a composite number?
True
Is 4883429953 prime?
True
Is 352984063 a composite number?
False
Is 150873839557 prime?
False
Is 20490949 a composite number?
True
Is 1721043953 prime?
True
Is 11018059079 composite?
False
Is 331447877 composite?
True
Is 12731489887 a composite number?
True
Is 11400009169 prime?
False
Is 7926151169 a prime number?
False
Is 5480134813 a composite number?
True
Is 80841036787 prime?
False
Is 2119858393 prime?
False
Is 3786411509 a prime number?
False
Is 8740824649 prime?
True
Is 23817538873 prime?
True
Is 1605431059 composite?
False
Is 2586291479 a prime number?
True
Is 48601403 a prime number?
True
Is 8081687093 prime?
True
Is 688808773 composite?
False
Is 421754693 prime?
False
Is 1450745239 composite?
True
Is 17565077 a composite number?
True
Is 13781447969 composite?
False
Is 2813979745 prime?
False
Is 15930658421 composite?
True
Is 41200043 composite?
True
Is 40752479 a composite number?
False
Is 8977764919 composite?
True
Is 28441933885 prime?
False
Is 5148184603 prime?
False
Is 830367833 prime?
True
Is 270791597117 a composite number?
False
Is 51759806557 composite?
False
Is 1499236727 a composite number?
True
Is 5893231 composite?
False
Is 1826784503 a composite number?
True
Is 13888047451 composite?
True
Is 41151959663 a prime number?
False
Is 78535789 composite?
False
Is 22313297563 a composite number?
False
Is 314120507 a composite number?
False
Is 2217500717 a composite number?
False
Is 5335951729 prime?
True
Is 681356939 prime?
True
Is 75972492129 prime?
False
Is 1645478423 a prime number?
True
Is 6722186113 a prime number?
True
Is 30073992877 a prime number?
False
Is 1772065807 a composite number?
False
Is 29534988907 prime?
False
Is 204606653 composite?
False
Is 7601929 a prime number?
True
Is 5050244102 a prime number?
False
Is 65438333 a composite number?
True
Is 463151981 prime?
False
Is 4146504529 a composite number?
False
Is 3383000881 a prime number?
False
Is 1933809998 a composite number?
True
Is 16148462417 prime?
False
Is 2994858197 a composite number?
False
Is 17868251593 prime?
False
Is 2201404807 a prime number?
False
Is 584019809 a composite number?
False
Is 515352781 prime?
True
Is 3109984469 a prime number?
True
Is 6702285143 composite?
True
Is 2577097255 composite?
True
Is 1904380157 prime?
True
Is 3471422369 composite?
False
Is 7086533309 composite?
False
Is 2773781029 composite?
False
Is 996986181 a composite number?
True
Is 1289782759 prime?
True
Is 7302227071 composite?
True
Is 42159798301 composite?
False
Is 223854439 a composite number?
True
Is 1283364701 a prime number?
True
Is 48502673 composite?
True
Is 3104444815 a prime number?
False
Is 386908867 a composite number?
True
Is 1571075189 a prime number?
True
Is 96558914897 a prime number?
False
Is 11397119359 composite?
False
Is 5000521222 a prime number?
False
Is 560018887 prime?
False
Is 10573837859 composite?
True
Is 2875486979 prime?
False
Is 68076763 prime?
False
Is 57196507843 a composite number?
False
Is 26903471149 a composite number?
False
Is 20440832353 a composite number?
False
Is 76955773 prime?
False
Is 5972828663 a composite number?
False
Is 6433606211 a prime number?
True
Is 3097309003 prime?
True
Is 427082387 a prime number?
True
Is 12767978189 a composite number?
True
Is 22931403047 prime?
False
Is 2728887569 a prime number?
False
Is 5041617671 a composite number?
False
Is 102366933419 composite?
True
Is 171315765661 a prime number?
False
Is 42282061 prime?
True
Is 3061717805 composite?
True
Is 41006021 composite?
True
Is 28370775047 composite?
False
Is 344320309 a composite number?
False
Is 2377198003 a composite number?
False
Is 4148337341 composite?
True
Is 21123826793 prime?
True
Is 52734281 a composite number?
False
Is 1589632769 a prime number?
False
Is 5540221537 a prime number?
True
Is 3376475359 a prime number?
True
Is 2528746889 prime?
False
Is 9323059027 a prime number?
False
Is 7822604687 prime?
True
Is 65543583851 a prime number?
False
Is 66637391 a prime number?
False
Is 1930176569 prime?
True
Is 99821031509 composite?
False
Is 592698287 a composite number?
False
Is 1342965401 a composite number?
False
Is 112621927 composite?
True
Is 6779236511 prime?
False
Is 27645599 prime?
False
Is 13529515523 a prime number?
True
Is 16526805877 prime?
True
Is 36094235609 composite?
True
Is 66072874451 a prime number?
False
Is 60961609 prime?
False
Is 385359367 a composite number?
False
Is 5241989881 composite?
False
Is 5535909719 a prime number?
True
Is 184890449 a composite num